
What is the highest common factor of 17331412 and 532?
28
What is the greatest common factor of 110552477 and 21?
7
What is the greatest common divisor of 1928 and 135590456?
1928
What is the highest common divisor of 56414 and 230614?
134
What is the highest common divisor of 182227 and 187119?
1223
What is the highest common factor of 83590 and 3250?
130
Calculate the greatest common divisor of 2917668 and 2124.
708
Calculate the highest common divisor of 1884 and 1928868.
12
What is the highest common divisor of 114621 and 2379?
39
Calculate the highest common divisor of 34695 and 99068103.
6939
Calculate the greatest common divisor of 482091237 and 1.
1
What is the greatest common divisor of 19975488 and 300192?
5088
What is the greatest common divisor of 18 and 4120902?
18
Calculate the highest common factor of 351361 and 1.
1
What is the highest common factor of 22765470 and 2152?
538
Calculate the greatest common divisor of 2006 and 316778.
34
What is the greatest common divisor of 1012 and 10080026?
506
Calculate the greatest common divisor of 42891264 and 312.
312
Calculate the greatest common factor of 2143816 and 2076.
692
What is the highest common factor of 24772076 and 1036?
28
What is the greatest common factor of 3381 and 4423377?
147
What is the greatest common divisor of 920 and 434608?
184
What is the greatest common divisor of 718 and 92218484?
718
What is the highest common factor of 102 and 134932134?
6
Calculate the highest common factor of 4580 and 243422420.
4580
What is the greatest common factor of 121953659 and 2852?
713
Calculate the highest common factor of 97666606 and 1282.
1282
Calculate the highest common factor of 408 and 9822.
6
Calculate the highest common factor of 7318 and 2017.
1
What is the highest common factor of 222 and 37548525?
111
What is the greatest common factor of 14400 and 59200?
1600
Calculate the highest common factor of 2771 and 753253.
17
What is the greatest common divisor of 100 and 858412?
4
Calculate the greatest common divisor of 741630 and 29028.
354
Calculate the highest common divisor of 64 and 608184.
8
What is the greatest common divisor of 102 and 21730199?
17
Calculate the greatest common factor of 429 and 51147811.
143
Calculate the highest common factor of 783405 and 1749190.
4145
What is the greatest common factor of 334746 and 216?
54
Calculate the highest common divisor of 92 and 14401588.
92
Calculate the highest common divisor of 27639116 and 9.
1
Calculate the greatest common factor of 776 and 4572968.
776
Calculate the greatest common factor of 696388 and 2717.
209
What is the highest common factor of 510120 and 19113120?
4680
What is the greatest common divisor of 80 and 6190040?
40
Calculate the highest common divisor of 48326151 and 1334.
667
What is the highest common divisor of 381597254 and 1102?
1102
What is the greatest common factor of 1125 and 174468375?
1125
What is the greatest common factor of 15104 and 300?
4
Calculate the greatest common factor of 1084904060 and 40.
20
What is the highest common divisor of 68 and 511683476?
68
What is the highest common divisor of 23045761 and 7412?
1853
Calculate the highest common factor of 2095 and 1846533.
419
Calculate the greatest common divisor of 717459 and 235258.
779
What is the greatest common factor of 1431410 and 30?
10
What is the greatest common factor of 120497100 and 350?
50
Calculate the highest common factor of 573432615 and 573.
573
Calculate the highest common factor of 56 and 244902968.
8
What is the greatest common divisor of 1057 and 2006941?
151
What is the highest common factor of 1341815321 and 1463?
1463
What is the highest common factor of 1241816 and 16928?
184
What is the greatest common divisor of 325269 and 126?
63
What is the highest common divisor of 306182 and 7366?
58
What is the highest common factor of 12697621 and 232?
29
Calculate the highest common factor of 6750 and 2077425.
225
Calculate the greatest common divisor of 85 and 15231085.
5
Calculate the highest common divisor of 59662 and 719348.
46
Calculate the greatest common divisor of 561 and 615417.
561
Calculate the highest common factor of 403 and 555644.
31
What is the greatest common divisor of 5962407 and 99?
33
Calculate the highest common factor of 8460 and 4429515.
705
Calculate the greatest common divisor of 98989154 and 88.
22
Calculate the highest common divisor of 368 and 28901731.
23
What is the greatest common divisor of 416 and 35651460?
52
What is the highest common divisor of 614 and 19844173?
307
Calculate the greatest common divisor of 199241 and 161.
7
What is the greatest common divisor of 992 and 45385612?
124
What is the greatest common divisor of 82512 and 18601299?
5157
Calculate the highest common divisor of 34683 and 2519.
11
Calculate the highest common factor of 8 and 85435448.
8
Calculate the greatest common factor of 3525455 and 7099.
229
What is the highest common factor of 8164 and 1745848?
52
Calculate the highest common divisor of 4616549 and 84581.
1967
What is the highest common divisor of 9462825 and 375?
75
Calculate the greatest common divisor of 113 and 29562947.
113
What is the greatest common factor of 43920 and 9711444?
732
Calculate the greatest common factor of 5860 and 84434396.
1172
What is the greatest common divisor of 231 and 26902128?
33
What is the highest common divisor of 51 and 43101035?
17
What is the highest common divisor of 129598 and 53466?
14
Calculate the highest common factor of 240 and 99085830.
30
What is the highest common factor of 79350 and 77694?
138
Calculate the highest common factor of 5168 and 42920848.
304
What is the greatest common factor of 188267830 and 40?
10
What is the highest common factor of 7102 and 24924268?
134
Calculate the highest common divisor of 317148220 and 100.
20
What is the greatest common factor of 225549345 and 63?
21
What is the greatest common factor of 14193 and 1912901?
1577
What is the greatest common factor of 756 and 2217894?
42
Calculate the greatest common divisor of 1685348 and 2668.
92
Calculate the highest common factor of 1049908345 and 1345.
1345
Calculate the greatest common factor of 55647864 and 351378.
13014
What is the greatest common divisor of 14552 and 482902?
34
Calculate the greatest common divisor of 188140 and 33580.
460
Calculate the highest common factor of 103631 and 54846.
11
What is the greatest common factor of 5600 and 4987214400?
5600
Calculate the highest common factor of 4382 and 91238.
14
Calculate the greatest common factor of 4521 and 4632792.
411
What is the highest common divisor of 17172 and 7716588?
636
Calculate the greatest common factor of 248155650 and 105435.
9585
Calculate the greatest common divisor of 277048 and 648.
8
Calculate the greatest common divisor of 14724 and 249966076.
1636
Calculate the highest common factor of 432726 and 378.
42
Calculate the greatest common factor of 55333349 and 3628.
907
What is the highest common factor of 8820 and 1291540?
20
What is the greatest common factor of 243385 and 6485?
5
What is the highest common divisor of 1765530 and 9490?
130
Calculate the greatest common factor of 11522702 and 221.
17
What is the greatest common divisor of 5423310 and 90?
90
What is the greatest common divisor of 153886 and 1181?
1
What is the highest common factor of 60 and 76244604?
12
What is the greatest common factor of 1038 and 23546338?
346
What is the highest common factor of 310005 and 611627?
83
Calculate the greatest common factor of 59263650 and 810.
810
Calculate the highest common factor of 156972 and 1241552.
508
Calculate the highest common factor of 19102884 and 18.
6
Calculate the highest common factor of 6244655 and 10011.
47
What is the greatest common factor of 23059064 and 92?
92
What is the highest common divisor of 58979519 and 3646?
1823
What is the greatest common divisor of 4444 and 20209292?
404
What is the greatest common divisor of 914490 and 96?
6
What is the greatest common factor of 27690 and 5075460?
390
What is the greatest common divisor of 15537752 and 15424?
1928
What is the greatest common divisor of 6632094 and 28?
14
What is the greatest common divisor of 292 and 192756062?
146
What is the greatest common factor o